et t(q) = 3*q**2 + 7*q - 3. Let r(a) = -4*s(a) - 3*t(a). What are the prime factors of r(3)?
3
Suppose -t + 46 = -m, 0 = 4*t - 0*m + 4*m - 224. What are the prime factors of t?
3, 17
Let l be 29/7 - 2/14. Suppose -3*y - l*g + 2*g = -19, 2*y - g = 15. List the prime factors of y.
7
Let l = -17 - -33. Let q = l + -8. List the prime factors of q.
2
Let k be (3 + 4)*-1 + 1. List the prime factors of (-1)/k - (-203)/6.
2, 17
Let f(a) be the second derivative of a**6/90 + a**5/120 - a**3/3 - a. Let m(d) be the second derivative of f(d). What are the prime factors of m(1)?
5
Suppose -3*g - 6 = -2*g. Let d(c) = -c + 4. Let k be d(5). List the prime factors of (-56)/g + k/3.
3
List the prime factors of (63/(-12))/((-1)/40).
2, 3, 5, 7
Suppose -290 = 4*v - 9*v. List the prime factors of v.
2, 29
Let v(y) = -y**2 + 6*y - 5. Let w be (-12)/(-10)*(-20)/(-6). Let u be v(w). Suppose n - 7 = -u*t + 16, -2*t - 2*n = -22. What are the prime factors of t?
2, 3
Let b = 327 - 230. List the prime factors of b.
97
Let q = -88 - -139. Suppose -7*f + 10*f = q. What are the prime factors of f?
17
Suppose -86 = -4*u + c - 2*c, -c = 5*u - 107. List the prime factors of u.
3, 7
Let b(i) = -2*i - 2*i - 6 + 8 - 6. What are the prime factors of b(-5)?
2
Suppose 5*p - 3*j - 489 = 0, 2*p + 2*p - 4*j = 388. List the prime factors of p.
3, 11
Let m(o) = -o**3 - o + 15. List the prime factors of m(0).
3, 5
Suppose -4*q + x = -822, -4*x + 2*x - 1026 = -5*q. List the prime factors of q.
2, 103
Let s be -2 - ((1 - 2) + -1). Let t = 10 + s. What are the prime factors of t?
2, 5
Let r(v) = -v**2 + 13*v + 5. Let m be r(13). Let p = m - -11. What are the prime factors of p?
2
Let o(l) = 0*l**3 + 7 - 2*l + 3*l + l**3. Let j be o(0). Let q = 1 + j. List the prime factors of q.
2
Suppose 5*u = 3*k - 124, 0*u = -u - 5. What are the prime factors of k?
3, 11
Let o(y) = 4*y**2 - 6*y - 9. What are the prime factors of o(11)?
409
Let q = -10 + 17. Let h = q + 1. What are the prime factors of h?
2
Suppose -57 = 14*n - 911. What are the prime factors of n?
61
Let s = 367 - 166. List the prime factors of s.
3, 67
Suppose p + h = -119, 2*p - 5*p + 3*h = 357. Let q = -85 - p. List the prime factors of q.
2, 17
Suppose -u = 2*u + 24. Let y(p) = p**3 + 8*p**2 - 2*p - 10. Let c be y(u). What are the prime factors of 4/c*(-84)/(-7)?
2
Suppose 5*m = 8*m - 105. What are the prime factors of m?
5, 7
Suppose 2 = -3*d - 2*w - 9, -d = -w + 7. Let p be (-2 + 1)/((-2)/24). Let n = p + d. List the prime factors of n.
7
Let u(d) = 2*d**2 - 10*d - 3. What are the prime factors of u(-3)?
3, 5
List the prime factors of (-37)/(2 - (7 - 4)).
37
Let s = -32 - -104. List the prime factors of s.
2, 3
Let t(a) = a + 7. Suppose -2*g = -5*w - 10, -7*g + 2*g + 25 = 2*w. Suppose w = 2*f + 7 - 1. What are the prime factors of t(f)?
2
Suppose -6 + 16 = -u. Let t(q) = -q**2 - 11*q - 13. Let d be t(u). What are the prime factors of (-12)/d*15/4?
3, 5
Let g(s) = -3 + 10*s**2 + 3*s**3 + 9 + 6 - 4*s**3 - 10*s. Let y be g(9). Suppose -y*m + 2 = -10. What are the prime factors of m?
2
Let g(l) = -l**3 + l**2. Let a(u) = -5*u**3 + 2*u**2 + 3*u. Let i(j) = -a(j) + 4*g(j). What are the prime factors of i(2)?
2, 5
Let w(p) = -80*p - 65. List the prime factors of w(-6).
5, 83
What are the prime factors of (-78)/(-12) + 1/(-2)?
2, 3
Suppose -2*m + 39 = 5*z + m, -3*z + 2*m = -12. List the prime factors of z.
2, 3
Suppose -2*d = 5 - 1. Let u(k) = 5*k**2 + k + 1. List the prime factors of u(d).
19
Suppose 3*d + 3*f - 335 = 55, -d + f = -124. What are the prime factors of d?
127
What are the prime factors of (-1 + 0)*-2*(27 + 3)?
2, 3, 5
Let h = 13 + -12. Let z(f) = 8*f**3 - f**2 + f. What are the prime factors of z(h)?
2
Let a(h) be the second derivative of 5*h**3/6 - 2*h. Let u be a(-1). Let m = u + 8. What are the prime factors of m?
3
Let b be 1 + 4/(-3)*3. Let d be -9*(b/9)/1. Suppose 0 = n + d*n - 20. List the prime factors of n.
5
Suppose 4*a + 5*f - f = 192, -a + 3*f + 44 = 0. What are the prime factors of a?
47
List the prime factors of 1166/10 + 20/50.
3, 13
Suppose 0 = 4*w - 4*a - 1084, 2*a + 1346 = 5*w - 0*a. Suppose -5*n = 2*s - w, -3*n - 4*s + 21 = -137. What are the prime factors of n?
2, 3
Suppose -4*c = 3*o - 411, 2*o - 7*o + 3*c + 656 = 0. List the prime factors of o.
7, 19
Suppose 0 = -2*b + 3*b - 38. List the prime factors of b.
2, 19
Suppose -2*w + 3*t = 0, -3*w - 5*t + 5 + 14 = 0. Suppose -3*u + w = -3. Suppose -7*p + u*p + 30 = 0. List the prime factors of p.
2, 3
Suppose 0 = 2*j - 4. Suppose -j + 17 = 3*r. List the prime factors of r.
5
Let r = -10 - -12. Suppose 2*q + r*n - 16 = 0, 28 = 6*q - q + 2*n. List the prime factors of q.
2
Suppose 5*u = s - 19, s - 18 = u + 9. Suppose 11*g = 6*g - 100. Let i = s + g. List the prime factors of i.
3
Let h = -305 - -592. List the prime factors of h.
7, 41
Let g(w) = -1 + 3*w - 8*w + w - 11*w. What are the prime factors of g(-1)?
2, 7
Let g = 0 + 13. Let m be -5 + (-5 - -2) + 1. Let u = g + m. What are the prime factors of u?
2, 3
Let p(n) = -n**3 - 12*n**2 - 15*n + 6. What are the prime factors of p(-11)?
2, 5
Let t = 157 + 35. What are the prime factors of t?
2, 3
Let i(g) = -5*g - 21. List the prime factors of i(-14).
7
Let m be 7*(-2)/(2*-1). Let r = -8 + 9. List the prime factors of 5*r - 21/m.
2
Let b(k) = k + 14. Let r be (-2 - -3)/(2/10). Suppose f = -3*f - r*d - 20, 0 = 5*f - 4*d - 16. What are the prime factors of b(f)?
2, 7
Let r be 4/(-14) - (-74)/14. Let h(l) = -l**3 + 6*l**2 - 5*l + 3. Let a be h(r). Let b = -1 + a. What are the prime factors of b?
2
Let l = 97 - 46. Suppose 5*c - 140 = -5*f, -c - 2*f = -l + 18. Suppose v - c = 5*q, -3*v - v - 5*q + 17 = 0. List the prime factors of v.
2
What are the prime factors of ((-20)/(-3) + -2)*6?
2, 7
Let i(v) = 2*v - 7. Let q be i(5). Suppose 24 = q*r + r. What are the prime factors of r?
2, 3
Let m(c) = 25*c**2 + 1. Let g(f) = f**3 + 4*f**2 + 4*f + 4. Let k be g(-3). List the prime factors of m(k).
2, 13
Let b be (25/(-10) - -1)*14. Let u(y) = y**3 + 6*y**2 + y + 3. Let a be u(-6). What are the prime factors of 4/((-69)/b + a)?
2, 7
Let s(r) = r - 9. Let w(k) = k**3 + k**2 - 4*k - 2. Let x be w(-3). Let j be s(x). Let u = -8 - j. What are the prime factors of u?
3
Suppose 5*i - 6 = 4. Suppose -3 = f, 3*j + 3*f + 5 = i*j. List the prime factors of j.
2
Suppose 0 = -5*d + 1185 + 630. List the prime factors of d.
3, 11
Let p(i) = i**3 + 8*i**2 - 8*i + 12. Let k be p(-9). Suppose -y - k = -10. What are the prime factors of (4 + -1 - 6) + y?
2
Let b be (4/(-2) - 2) + 6. What are the prime factors of 83/b - (-3)/2?
43
Let s be (-1 - -3 - 1)*18. Let r = -10 - s. Let b = -16 - r. What are the prime factors of b?
2, 3
Suppose 0 = -7*z + 3*z + 20. List the prime factors of z.
5
Let i = -182 - -403. List the prime factors of i.
13, 17
Suppose -g = -5 - 13. Suppose -4*n + g = h, n = -4*h + 4*n - 4. Suppose q = 5 - h. List the prime factors of q.
3
Let f be ((-2)/4)/1*-2. Let j(w) = 4*w**2 + w - 1. List the prime factors of j(f).
2
What are the prime factors of (-339)/(-12) + 2/(-8)?
2, 7
Let y(t) = -t**2 - 15*t + 2. Let b be 7/2*(-28)/7. What are the prime factors of y(b)?
2
Suppose -103 - 45 = 4*r. Let u = -6 - r. What are the prime factors of u?
31
Suppose -120 = -12*t + 6*t. What are the prime factors of t?
2, 5
Suppose -2*i - 4 = -6*i. Let y(h) = -h**3. Let u(m) = -2*m**3 + 5*m**2 + m - 5. Let g(w) = i*u(w) - y(w). List the prime factors of g(4).
3, 5
List the prime factors of ((-7)/2)/(6/(-108)).
3, 7
Let z(r) = -r + 1. Let i be z(-3). Suppose 3*n - 2*p + 37 = i*n, -n + 5*p + 65 = 0. Suppose -2*j - n = -5*j. List the prime factors of j.
3, 5
Suppose 2*c + 44 - 2 = 0. Let j = c - -48. What are the prime factors of j?
3
Let s = 20 - 39. Let o = -10 - s. Let p = o + 2. What are the prime factors of p?
11
Suppose -6*z = -2*z - 20. List the prime factors of (2 - (z + 2))*-6.
2, 3, 5
Let f(n) = 6*n + 18. List the prime factors of f(9).
2, 3
Let g(v) = 15*v**2 + 9*v - 4. What are the prime factors of g(-4)?
2, 5
Suppose 40 = 5*u - 45. List the prime factors of u.
17
Let w(f) = -f**2 - 10*f - 6. What are the prime factors of w(-6)?
2, 3
Suppose 0 = 2*x + 12 - 2. Let r(g) = -g + 8. List the prime factors of r(x).
13
Let c(v) = v**2 - 3